 -0*g + 438. Let o = g + -329. List the prime factors of (88/o)/(2/(-95)).
2, 19
Let t = -22745 - -33504. List the prime factors of t.
7, 29, 53
Let r be (-6)/39 - (-714)/78. List the prime factors of 1390*r/12 - (-1)/2.
7, 149
Let i(o) = 2*o + 3. Let a be i(6). Let n be (-16 + a)/(2/(-82)). Suppose -784 = -n*j + 34*j. List the prime factors of j.
2, 7
Suppose 12 = 4*u + 5*q, 0 = -0*q - 5*q - 20. Suppose 2*s - 2*f = -3 + 11, -u = -s + 3*f. List the prime factors of -1*(-1 + s)*-293.
293
Let r be -125*(1/(-3))/((-4)/(-12)). Suppose r*w - 133*w = -2632. List the prime factors of w.
7, 47
Suppose n - 4*m = -14, -3*n = -4*m + m + 6. Let d(r) = r**2 - 12*r + 22. What are the prime factors of d(n)?
2
Let u = 36292 - 21661. List the prime factors of u.
3, 4877
Let v(y) = 3406*y**2 + 11*y - 7. List the prime factors of v(1).
2, 5, 11, 31
Let i be (-18)/42*-7*1. Suppose 2*w = -i*w. Suppose 3*p + 31 = x - 92, -x + 2*p + 125 = w. What are the prime factors of x?
3, 43
Let k(m) = -2*m**3 + m**2 + m - 24. Let v be k(0). What are the prime factors of (363/(-12) - -6)*v?
2, 3, 97
Let g(q) = -q**3 - 6*q**2 - 7*q - 8. Let f be g(-5). Suppose 643 = i + f*i - r, -4*r = 5*i - 1066. Let v = i - 79. What are the prime factors of v?
3, 5
Suppose -24 = -7*s + 3*s. Suppose 4*i - s = -3*u + i, -2*i + 1 = -u. Let f(r) = 17*r**2 + r - 2. What are the prime factors of f(u)?
2
Suppose -24 - 28 = -13*z. Suppose -z*n + 18*n - 5334 = 0. List the prime factors of n.
3, 127
Let t(j) = -j**2 - 3*j. Let d be t(-2). Suppose -4*s - s - 11 = -d*f, 13 = 3*f - 4*s. Suppose -f*x = x - 64. List the prime factors of x.
2
Let n = 1077 + -2162. Let r = 1542 + n. List the prime factors of r.
457
Let s(g) = 2*g**2 - 28. Let m be s(-4). Suppose 3*u + 2*b - 1296 = -2*b, m*b - 12 = 0. List the prime factors of u.
2, 107
Let s(f) = -f**3 - 22*f**2 - 2*f - 23. Suppose 18*p + 23 = 17*p. List the prime factors of s(p).
2, 3, 23
Suppose -7*u = -0*u. Suppose -4*q + 4*a + 292 = u, -a = -q + 6*q - 383. Suppose -q - 152 = -y. List the prime factors of y.
2, 3, 19
Suppose -21 - 14 = -5*m. Let s(x) = 9*x**2 + 14*x - 6. Let w(a) = 2*a**2 - 2*a. Let h(b) = s(b) - 5*w(b). List the prime factors of h(m).
113
Let b(l) = -1447*l**3 + 2*l**2 - 1. Let m be b(-1). Suppose -7*r + m = -2*r - a, -2*a = 6. List the prime factors of r.
17
Let s = -344 + 612. Suppose -14*j + 18*j = 16. Suppose -4*g + 374 = -5*k - s, -j*k - 8 = 0. What are the prime factors of g?
2, 79
Let k = -42999 + 91484. What are the prime factors of k?
5, 9697
List the prime factors of 6460/266*(10458/(-3))/(-3).
2, 5, 17, 83
Let o be 3 + 6*(-4)/(-3). Let v(u) = 0 + 84*u**3 + o + 15*u**2 - 85*u**3 + 23*u. List the prime factors of v(16).
3, 41
Let y(s) = 3*s + 16. Let n be y(7). Suppose n*l + 18 = 35*l. List the prime factors of 6/(-54) + (-415)/l.
2, 23
What are the prime factors of 17039 + ((-204)/(-357) - 62/(-14))?
2, 4261
Suppose 1329*a - 11983 = 1306*a. List the prime factors of a.
521
Let p(l) = 513*l**2 - 541*l + 2145. What are the prime factors of p(4)?
19, 431
Let z(d) = -d**3 - 20*d**2 - 37*d - 16. Let w be z(-18). Suppose 4*u - 4*h - 440 = 0, w*h - 2 = 3*h. Suppose 4*k - 2*k - u = 0. What are the prime factors of k?
2, 3
Let x be 4821/(0 - 3 - (-8)/2). Suppose -x - 3432 = -9*m. List the prime factors of m.
7, 131
List the prime factors of ((-6523)/33)/(16/(-288)).
2, 3, 593
Suppose 26*g - 19*g = 32*g - 394400. What are the prime factors of g?
2, 17, 29
Let g be (-4 - (-65)/15)/((-4)/(-108)). Let a(i) = 5*i**2 - 23*i + 12. List the prime factors of a(g).
2, 3, 5, 7
Suppose -c - 2*h - 592 = 3*c, 0 = -4*c + 5*h - 564. Let n = -142 - c. Suppose -n*p + 476 = -2*p. List the prime factors of p.
2, 7, 17
Let i = 17197 - 5936. List the prime factors of i.
11261
Suppose -2*y = 3*y - 2140. Suppose -10*g + 7*g = 16*g. Suppose 4*v - y = -5*c, 5*c = -g*c. What are the prime factors of v?
107
Suppose -4*j = -u + 13, -4 = 3*j + 2. List the prime factors of (-69901)/(-95) + 6/u.
11, 67
Let k(q) = 4*q**2 - 6. Let z be k(2). Suppose z*g - 11*g + 470 = 0. What are the prime factors of g?
2, 5, 47
Suppose -19*f - 4*f + 26*f - 258960 = 0. What are the prime factors of f?
2, 5, 13, 83
Let s be (-837)/(-36)*12/1. Suppose -92*r + 1791 = -83*r. Let v = s - r. List the prime factors of v.
2, 5
Suppose -19*i = -20*i + 3289. Suppose 394 = -5*k + i. List the prime factors of k.
3, 193
Suppose -7*g - 2*g + 1899 = 0. Suppose -k + 725 = g. What are the prime factors of k?
2, 257
Suppose 121*v - 3304 = -2*d + 119*v, -5*d + 5*v = -8290. List the prime factors of d.
5, 331
Let y = 33158 - 15671. What are the prime factors of y?
3, 29, 67
Suppose -30*d = -29*d - 1979. Let x = d + -1044. List the prime factors of x.
5, 11, 17
Suppose 0 = 5*g - 452 - 3073. Suppose 3*w + l - g = 0, -4*w + 2*l + 940 = 7*l. List the prime factors of w.
5, 47
Let z(v) = 34*v**2 - 20*v - 273. What are the prime factors of z(-11)?
31, 131
Let w be (-365)/(-35) - -6*1/(-14). Suppose 15*u = -w*u + 6025. List the prime factors of u.
241
List the prime factors of (1823 + 0)/(80/(-220) + (-27)/(-44)).
2, 1823
Suppose -100*z = -118458 - 886442. What are the prime factors of z?
13, 773
Suppose 114*g = 121*g + 9618. What are the prime factors of ((-12)/18)/(2/g)?
2, 229
Let n(s) = -3*s + 42. Suppose -2 = -u - w, 4*u + 19*w = 14*w + 5. List the prime factors of n(u).
3
Let z(k) be the second derivative of -k**5/20 + 19*k**4/12 - 16*k**3/3 - 10*k**2 - k - 40. List the prime factors of z(15).
2, 5
Suppose 2*i - 2878 = 16*i - 32418. List the prime factors of i.
2, 5, 211
Suppose -a - 50 = -53. Suppose 7*m - 11*m - a*y + 488 = 0, -4*m + 4*y + 460 = 0. List the prime factors of m.
7, 17
Let w = 591 - 209. Let b = w - 328. What are the prime factors of b?
2, 3
Let g = 84 + -82. Suppose g*j - j - 391 = 0. List the prime factors of j.
17, 23
Let a be (2 + -3)/(7/(-1155)). Let s(d) = d + 4. Let z be s(-3). What are the prime factors of ((z - a)*1)/(-2)?
2, 41
Suppose -512 = 2*o - 4*o. Let c = 775 - 621. Let t = o - c. List the prime factors of t.
2, 3, 17
Suppose 2 + 2 = a. Suppose 5*b - 3*b = a. Suppose 5*f = 4*n + 422, -n + b = -0*n. List the prime factors of f.
2, 43
Let y = -431 + 1643. Let d = y - 572. What are the prime factors of d?
2, 5
Let k = 734 - 434. Suppose -m = -7*m + k. List the prime factors of m.
2, 5
What are the prime factors of (-452556)/(-63) + -19 - (-3)/(-7)?
2, 3, 199
Let b(d) = -113*d - 664. What are the prime factors of b(-68)?
2, 3, 5, 13
Let m(c) = 2*c**2 - 12*c - 7. Let r be m(7). Let x(h) = -8 - h**2 - r + 1 + 0 - 17*h. List the prime factors of x(-16).
2
Suppose 3*f + 119 = -562. Let w = -119 - f. Suppose 9*h - 6*h = w. What are the prime factors of h?
2, 3
Let j(h) = -28*h**3 + 3*h**2 - 9*h + 22. Let k be j(2). Let s = 1178 + k. List the prime factors of s.
2, 5, 97
Suppose -3 = p, -p + 14 = 4*d - 3*p. Suppose f + 3838 = 3*h, -3*f - 1 = d. What are the prime factors of h?
1279
Let s be (128/(-24))/(2/(-282)). Suppose 247 = l + 3*r, 3*l + 0*r = 2*r + s. Suppose w - 6*w + l = 0. What are the prime factors of w?
2, 5
Let o be 0/(-2) - -2 - -1. Suppose -o*t + 123 = -117. Let a = t - 35. What are the prime factors of a?
3, 5
Suppose -3*v + 11592 = 3*w, 0 = 5*w - 2*w - 2*v - 11577. Suppose -14*f = -5*f - w. List the prime factors of f.
3, 11, 13
Suppose 220 = -2*l - 8*l. Let u = 18 + l. List the prime factors of u - (-3588)/30 - (-6)/(-10).
5, 23
Let n(h) = -h**3 - h**2 + h + 1. Let x be n(-2). Suppose 0 + 9 = x*k. Suppose -5*v - 327 = -k*c, 5*v + 16 = 1. What are the prime factors of c?
2, 13
Let d = -69 + 91. Suppose -d*n = -14*n - 12552. What are the prime factors of n?
3, 523
Let m = -42 + 34. Let g(x) = -x**3 - 6*x**2 + 6*x - 13. Let u be g(m). Let f = 184 - u. What are the prime factors of f?
3, 13
Suppose -53 - 17 = -5*g. Suppose 3900 = g*w - w. Suppose 0*s + 51 = s + i, 5*s = 4*i + w. What are the prime factors of s?
2, 7
Let x(y) be the first derivative of 97*y**3/3 + 25*y**2/2 + 36. List the prime factors of x(-2).
2, 13
Let k(i) be the first derivative of -3*i**2/2 - 2. Let a be k(-5). List the prime factors of (a/4)/(9/96).
2, 5
Let v(y) = 25*y + 2 - 11 - 27*y - 5. Let m be v(-8). Suppose 0 = -x + a + m*a + 84, -4*a - 85 = -x. List the prime factors of x.
3
Suppose 154*x 